+ 1041. Suppose -4*i = -z + h, 3*i - 1 = 8. Let q = 2231 - z. Is q a composite number?
False
Let x(a) = -a**3 - 29*a**2 - 29*a + 74. Let l be x(-30). Let r = -1023 + l. Is r prime?
True
Is 3*((-2)/6 - 1)*(-15973306)/472 a prime number?
True
Suppose -2*b = 2*l + b - 8453, 0 = -l - b + 4227. Let r = 186 - 181. Suppose -r*z = -4*j + 8486, 2*j = z - 6*z + l. Is j a prime number?
False
Let t = -23 - -25. Suppose -8 = -2*l, 0*x = t*x - 2*l - 22. Suppose 0 = -5*c + x*c - 100. Is c composite?
True
Let t(f) = 4*f**2 - 3*f - 4. Let b be t(-1). Let v be 2 + (b - -1)*(-5 + 3). Is v*8/(-12)*(-470)/(-8) prime?
False
Let q be (-400)/(-225) + (1 - (-7)/(-9)). Suppose 2*p = -q*h + 3386, -3*h + 1681 = -2*h - 5*p. Is h composite?
True
Is 8/128 + 387605397/944 a composite number?
True
Let g = 58269 - -242. Is g composite?
False
Let k(z) = 3*z**3 + 23*z**2 - 55*z - 73. Is k(24) prime?
True
Let x(p) = 7*p + 23. Let j be x(8). Let o = j - 79. Is 5 + -1 - (-1339 + -2 + o) a prime number?
False
Let w = 99 - 89. Let u(f) = 6*f - 55. Let s be u(w). Suppose -s*o - 10*o = -1830. Is o a prime number?
False
Let u = 368280 + -145573. Is u prime?
True
Let a(z) = 19139*z - 951. Is a(4) a composite number?
True
Suppose 335316 = 4*p + 4*y, p + 5*y = -22309 + 106162. Is p a prime number?
False
Let d = -24 + 23. Let n be (-1)/(3/(-2 + d)). Is (-6 + 5)*(n - 188) a prime number?
False
Suppose 2*o + 0*o - 3*w - 1 = 0, -5*w = 3*o - 11. Suppose o*y + 1754 = 4*y. Is (-1)/(-1) + -7 + y a prime number?
False
Let l(j) be the third derivative of j**5/60 - j**4/24 - 5*j**3/3 + 8*j**2. Let c be l(4). Is (20462/(-65))/(c/(-5)) composite?
False
Suppose -19*w + 10 = -14*w. Let i be 1 - (w + -3 + -244). Suppose i + 197 = a. Is a prime?
True
Let i(z) = -82*z**2 + 5*z + 5. Let a(l) = 163*l**2 - 9*l - 10. Let r(d) = -2*a(d) - 5*i(d). Let x be r(3). Suppose 3*w - x - 599 = 0. Is w a prime number?
True
Let f(k) = -k + 1. Let s(d) = 5*d - 7. Let a(g) = 4*f(g) + s(g). Let j be a(7). Let h(q) = 6*q**2 - 4*q - 1. Is h(j) prime?
True
Let t(p) = -2534*p - 119. Let a(w) = 149*w + 7. Let v(f) = 35*a(f) + 2*t(f). Let h be v(9). Let x = -845 + h. Is x a prime number?
False
Suppose 7 = 5*a - 23. Suppose 26*g = a*g + 81580. Is g composite?
False
Let k(m) = -7*m**3 + 11*m**2 - 11*m - 49. Is k(-8) composite?
False
Let v be 13 - -862 - 18/(-3). Suppose t + 2*y - v = 0, 4*y - 1 - 7 = 0. Is t composite?
False
Suppose k = -3*j + 12, 2*k + k - 24 = -3*j. Let u(d) = 418*d**2 + 6*d - 13. Is u(k) composite?
True
Suppose 0*p - 2*p + w + 893 = 0, -3*w - 3 = 0. Let u be -4 + 4 - (-2 + p). Let q = u + 737. Is q a composite number?
False
Let z(y) = -4*y - 18. Let i be z(-15). Let r = i - 26. Is (r/12)/(10/10245) a prime number?
False
Let q(b) = 3584*b - 12511. Is q(11) composite?
True
Suppose -12880088 = r - 14*r. Is r/56 + (-20)/(-35) prime?
False
Is (-1 + -9675)*2025/(-90) + 7 a prime number?
True
Suppose 1110 + 1173 = -3*u + 5*h, -4*h = -4*u - 3044. Let q = u - -1318. Is q prime?
True
Let v(g) = -g**3 - 60*g**2 - 247*g - 375. Is v(-64) a composite number?
False
Suppose 0 = -11*a + 8*a + 9. Suppose 0 = 4*x + x + 2*t, 0 = -x + a*t. Suppose -c - 4*i + 683 = x, 2*i + 2*i = 4. Is c a prime number?
False
Let g(b) be the second derivative of b**5/20 - 5*b**4/3 + 4*b**3/3 + 19*b**2/2 - 28*b. Let h be g(19). Let l = 189 - h. Is l a composite number?
False
Let r be (702/108)/(2/4). Suppose r*h - 51075 = 95968. Is h prime?
True
Let q be (-85)/((-30220)/5036 - -6). Is (q/(-4))/(-5) - 2/(-8) composite?
False
Let b be (-84)/(-24)*32762/7. Suppose -7*j + 342 = -b. Is j composite?
False
Is ((-1323077)/3)/(7/(-6)) composite?
True
Suppose -5*a + 98301 = 4*j, 121*a = 125*a - 4*j - 78648. Is a prime?
True
Let i(d) = 54*d**2 - 130*d - 6445. Is i(-80) a composite number?
True
Suppose 18 = -15*b + 6*b. Is 13*(-1094)/(-4)*(-4)/b composite?
True
Suppose 311*i = -41*i + 28632736. Is i prime?
True
Suppose -135*u = -17*u - 96268766. Is u composite?
True
Let t(a) be the first derivative of 755*a**2 - 9*a - 46. Let u be t(2). Suppose u = 3*o + 782. Is o composite?
False
Suppose q + 5*i = 1, -3*i + 27 = -5*q + 8*q. Suppose -3*p = -q - 4. Is -1 + 3 - p - -1322 prime?
True
Let t(g) = -g**3 + 39*g**2 - 73*g - 39. Let y be t(37). Is -8 + 12 - y - (2 + -8845) a composite number?
False
Let y(t) = 73*t**3 - 12 + 2*t**2 + 25*t - 67*t**3 - 8*t**2. Is y(11) a prime number?
True
Let o(c) = 55*c**2 - 11*c - 24. Let s be o(-8). Let v = s - 2175. Is v composite?
False
Suppose 0 = -19*t + 63 + 13. Let v = -380 - -1757. Suppose g + 2719 = t*r + 2*g, 0 = -2*r + 3*g + v. Is r prime?
False
Let v = 204 + -199. Suppose 4*p + 2*k = 5*k + 1442, -5*p + 1785 = v*k. Is p a prime number?
True
Let m(q) = 22*q**2 + 2*q + 5. Let i be 13*(-6 + 14/2). Is m(i) a composite number?
True
Let s(k) be the second derivative of -k**5/20 + k**4 + k**3/3 + 159*k**2/2 - 3*k + 7. Is s(-14) a composite number?
False
Suppose 5*l = t - 31673 - 71843, -2*l = 4*t - 414042. Is t prime?
True
Suppose 0 = -102*o + 84*o - 17928. Let r = o + 1735. Is r composite?
False
Suppose 0 = -5*v + 3*t + 94224 + 4066, 6*t = 30. Is v a composite number?
False
Let p(b) = -12*b**3 + 12*b**2 + 74*b + 149. Is p(-20) prime?
True
Suppose 3*n = -2 + 38. Let h = 16 - n. Suppose f - h = 18. Is f a prime number?
False
Let m = -225975 - -324994. Is m a prime number?
False
Let a = -27 + 46. Suppose -16*y + a*y = 2712. Let j = -423 + y. Is j a prime number?
False
Suppose -x + 0*t + 15403 = 3*t, -61598 = -4*x - 5*t. Is x composite?
True
Let v = -79564 + 228065. Is v composite?
False
Is 2*(70633 - 10/(-20)*-3) prime?
True
Let i be 36/(-162) + (-112)/(-18). Let b(m) = 22*m**3 + 15*m**3 - 5*m**2 + i*m + 2 - 3. Is b(2) composite?
True
Suppose 3*v + 3*y = 1289871, -105239 = -3*v + 2*y + 1184642. Is v prime?
False
Let q(c) = -c**3 - c**2 + c + 92. Let r be q(0). Let x = r - -79. Suppose -x = -10*h + h. Is h composite?
False
Let d = 919 - 893. Suppose d*t - 175193 = 84989. Is t a prime number?
True
Let w(o) be the second derivative of -1402*o**3 - 91*o**2/2 + o + 18. Is w(-1) prime?
False
Let f = 2571147 + -1544356. Is f composite?
False
Is (-1 - -1962787) + (1 + 2 - -2) composite?
True
Let c = 2782 + -3955. Let m(q) = 2*q**2 - 14*q + 10. Let x be m(6). Is x/12 - c/18 a composite number?
True
Let a = -112 + 1019. Is a prime?
True
Let a be (175/(-15))/(-7)*-72. Is 27210/a*(-1)/(-1)*-4 prime?
True
Suppose -1295757 = -5*i - c, -8*i + c + 1036602 = -4*i. Is i a prime number?
True
Let s(m) = 4753*m + 87. Is s(14) composite?
False
Let b = -535 + 517. Let x(g) = -36*g + 203. Is x(b) a composite number?
True
Let m = -18 - 6. Let t = 11 - m. Is ((-5)/t)/(-1) - (-496)/7 a composite number?
False
Let n be (128 + (-5 - -8))*110. Let y = n + -8337. Is y composite?
False
Is (258118 - 4)*(14 + -8)/12 prime?
False
Let k(s) = -27956*s + 4795. Is k(-11) a prime number?
True
Suppose -28*q = -11*q - 207332. Suppose -7*k + q = -41809. Is k composite?
True
Let d(w) = 7*w + 201. Let b be d(-31). Let t(i) = -167*i - 94. Is t(b) prime?
False
Let v be -1 - 6/(-4) - 2884686/(-84). Suppose 17*l = 3*l + v. Is l composite?
True
Is (-112)/(-896) - (-695127)/8 prime?
False
Let b = -55767 - -111656. Is b a composite number?
False
Suppose p - 5*z + 2*z = 11710, 23430 = 2*p - z. Let w = -6071 + p. Is w prime?
False
Suppose -3*l + 15288 + 9876 = 0. Suppose l = 3*o - 23727. Is o composite?
True
Suppose -96*q + 259*q = 59*q + 114501608. Is q a composite number?
False
Let s(l) = -l. Let t(j) = -2*j - 39. Let m(n) = -6*s(n) + t(n). Let k be m(11). Suppose -251 = -k*d + 4*d. Is d a prime number?
True
Let n(w) = -53*w**3 + 4*w**2 - 56*w + 322. Is n(-17) composite?
False
Let n(x) = -x**3 - 8*x**2 + 8*x - 8. Let a be n(-9). Suppose 5*f = p - 7, 0 = -3*p + 6*f - f + a. Is 168 - p*1/(-3) prime?
True
Let a(u) = 129*u**3 + 5*u**2 + 4*u + 13. Let g(p) = -257*p**3 - 11*p**2 - 9*p - 26. Let s(z) = 7*a(z) + 4*g(z). Is s(-6) a prime number?
True
Suppose -2*g = -6*g + 4*c + 4, 2*c = 8. Suppose -b - b + 143 = 5*h, g*h - 142 = -3*b. Let p = h + 120. Is p a composite number?
False
Suppose 13*v = -17 - 48. Is 2848 + 6*((-20)/(-12))/v a composite number?
True
Let d(c) = -114*c + 215. Let b(w) = 115*w - 216. Let i(a) = 6*b(a) + 5*d(a). Is i(20) composite?
False
Let u = 72 - 61. Suppose 4*q - 5*r